{"id":233,"date":"2019-09-24T12:45:17","date_gmt":"2019-09-24T10:45:17","guid":{"rendered":"http:\/\/2019.blickpunkt-identitaet.eu\/?page_id=233"},"modified":"2019-09-24T12:45:18","modified_gmt":"2019-09-24T10:45:18","slug":"imprint","status":"publish","type":"page","link":"https:\/\/www.blickpunkt-identitaet.eu\/en\/imprint\/","title":{"rendered":"Imprint"},"content":{"rendered":"<h1>Imprint<\/h1>\n\n\n\n<figure class=\"wp-block-image rahmen-grau\"><img decoding=\"async\" loading=\"lazy\" width=\"860\" height=\"360\" src=\"https:\/\/www.blickpunkt-identitaet.eu\/wp\/wp-content\/uploads\/blickpunkt_logo.png\" alt=\"Blickpunkt Identit\u00e4t\" class=\"wp-image-100\"\/><\/figure>\n\n\n\n<h4>Information duties<br \/>\u00a75 E-Commerce Gesetz, \u00a714 Unternehmensgesetzbuch, \u00a763 Gewerbeordnung, Offenlegungspflicht laut \u00a725 Mediengesetz<\/h4>\n\n\n\n<p><strong>Association Blickpunkt Identit\u00e4t<\/strong><br \/><br \/><strong>Representatives:<\/strong><br \/>Chairman\/Chairwoman: Susanne Linde<br \/>Chairman\/Chairwoman deputy: Klaus Linde-Leimer<\/p>\n\n\n\n<p>Unterberg 15, 8383 Eisenberg an der Raab<\/p>\n\n\n\n<p>ZVR number \u2013  630276098<\/p>\n\n\n\n<p>Phone 1  \u2013  <a href=\"tel:+436811043 4503\">+43 (681) 1043 4503<\/a><br \/>Phone 2  \u2013  <a href=\"http:\/\/+4369912668848\">+43 (699) 1266 8848<\/a><\/p>\n\n\n\n<p>E-Mail  \u2013 &nbsp;<a href=\"mailto:&#x6f;&#x66;&#x66;&#x69;&#x63;&#x65;&#x40;&#x62;&#x6c;&#x69;&#x63;&#x6b;&#x70;&#x75;&#x6e;&#x6b;&#x74;&#x2d;&#x69;&#x64;&#x65;&#x6e;&#x74;&#x69;&#x74;&#x61;&#x65;&#x74;&#x2e;&#x65;&#x75;\">&#x6f;&#x66;&#x66;&#x69;&#x63;&#x65;&#x40;<span class=\"oe_displaynone\">null<\/span>&#x62;&#x6c;&#x69;&#x63;&#x6b;&#x70;&#x75;&#x6e;&#x6b;&#x74;&#x2d;&#x69;&#x64;&#x65;&#x6e;&#x74;&#x69;&#x74;&#x61;&#x65;&#x74;&#x2e;&#x65;&#x75;<\/a><\/p>\n\n\n\n<hr class=\"wp-block-separator is-style-wide\"\/>\n\n\n\n<h4>Vereinszweck<\/h4>\n\n\n\n<p>Der Verein stellt sich die F\u00f6rderung der Allgemeinheit auf geistigem und kulturellem Gebiet, sowie die F\u00f6rderung und Entwicklung von Vorbeugema\u00dfnahmen zur Unterst\u00fctzung von Personen, die gef\u00e4hrdet sind, ihre schulische oder berufliche Aus- bzw. Weiterbildung abzubrechen, zur Aufgabe.<\/p>\n\n\n\n<h4>EU-Streitschlichtung<\/h4>\n\n\n\n<p>Angaben zur Online-Streitbeilegung: Verbraucher haben die M\u00f6glichkeit, Beschwerden an die Online Streitbeilegungsplattform der EU zu richten:&nbsp;<\/p>\n\n\n\n<p><a rel=\"noreferrer noopener\" href=\"https:\/\/ec.europa.eu\/consumers\/odr\/main\/index.cfm?event=main.home2.show&amp;lng=DE\" target=\"_blank\">https:\/\/ec.europa.eu\/consumers\/odr\/main\/index.cfm?event=main.home2.show&amp;lng=DE<\/a><\/p>\n\n\n\n<p>Sie k\u00f6nnen allf\u00e4llige Beschwerde auch an die oben angegebene E-Mail-Adresse richten.<\/p>\n\n\n\n<h4>Haftung f\u00fcr Inhalte dieser Webseite<\/h4>\n\n\n\n<p>Wir entwickeln die Inhalte dieser Webseite st\u00e4ndig weiter und bem\u00fchen uns korrekte und aktuelle Informationen bereitzustellen. Leider k\u00f6nnen wir keine Haftung f\u00fcr die Korrektheit aller Inhalte auf dieser Webseite \u00fcbernehmen, speziell f\u00fcr jene die seitens Dritter bereitgestellt wird. Sollten Ihnen problematische oder rechtswidrige Inhalte auffallen, bitte wir Sie uns umgehend zu kontaktieren, Sie finden die Kontaktdaten im Impressum.<\/p>\n\n\n\n<h4>Haftung f\u00fcr Links auf dieser Webseite<\/h4>\n\n\n\n<p>Unsere Webseite enth\u00e4lt Links zu anderen Webseiten f\u00fcr deren Inhalt wir nicht verantwortlich sind. Wenn Ihnen rechtswidrige Links auf unserer Webseite auffallen, bitte wir Sie uns zu kontakieren, Sie finden die Kontaktdaten im Impressum.<\/p>\n\n\n\n<h4>Urheberrechtshinweis<\/h4>\n\n\n\n<p>Alle Inhalte dieser Webseite (Bilder, Fotos, Texte, Videos) unterliegen dem Urheberrecht. Falls notwendig, werden wir die unerlaubte Nutzung von Teilen der Inhalte unserer Seite rechtlich verfolgen. Sollten Sie auf dieser Webseite Inhalte finden, die das Urheberrecht verletzen, bitten wir Sie uns zu kontaktieren.<\/p>\n\n\n\n<h4>Bildernachweis<\/h4>\n\n\n\n<p>Die Bilder, Fotos und Grafiken auf dieser Webseite sind urheberrechtlich gesch\u00fctzt. Die Bilderrechte liegen bei den folgenden Fotografen und Unternehmen:<\/p>\n\n\n\n<ul><li>Desire Rimacek<\/li><li>Klaus Linde-Leimer<\/li><li>Susanne Linde<\/li><\/ul>\n\n\n\n<h4>Schlussbestimmungen<\/h4>\n\n\n\n<p>Auf die Nutzung der Informationen \/ Services findet ausschlie\u00dflich \u00f6sterreichisches Recht Anwendung.&nbsp;Sofern Teile oder einzelne Formulierungen dieses Textes der geltenden Rechtslage nicht, nicht mehr oder nicht vollst\u00e4ndig entsprechen sollten, bleiben die \u00fcbrigen Teile in ihrem Inhalt und ihrer G\u00fcltigkeit davon unber\u00fchrt.<\/p><input class=\"fooboxshare_post_id\" type=\"hidden\" value=\"233\"\/>","protected":false},"excerpt":{"rendered":"<p>Imprint Information duties\u00a75 E-Commerce Gesetz, \u00a714 Unternehmensgesetzbuch, \u00a763 Gewerbeordnung, Offenlegungspflicht laut \u00a725 Mediengesetz Association Blickpunkt Identit\u00e4t Representatives:Chairman\/Chairwoman: Susanne LindeChairman\/Chairwoman deputy: Klaus Linde-Leimer Unterberg 15, 8383 Eisenberg an der Raab ZVR number \u2013 630276098 Phone 1 \u2013 +43 (681) 1043 4503Phone 2 \u2013 +43 (699) 1266 8848 E-Mail \u2013 &nbsp;&#x6f;&#x66;&#x66;&#x69;&#x63;&#x65;&#x40;null&#x62;&#x6c;&#x69;&#x63;&#x6b;&#x70;&#x75;&#x6e;&#x6b;&#x74;&#x2d;&#x69;&#x64;&#x65;&#x6e;&#x74;&#x69;&#x74;&#x61;&#x65;&#x74;&#x2e;&#x65;&#x75; Vereinszweck Der Verein stellt sich die [&hellip;]<\/p>\n","protected":false},"author":1,"featured_media":0,"parent":0,"menu_order":27,"comment_status":"closed","ping_status":"closed","template":"","meta":{"_coblocks_attr":"","_coblocks_dimensions":"","_coblocks_responsive_height":"","_coblocks_accordion_ie_support":""},"_links":{"self":[{"href":"https:\/\/www.blickpunkt-identitaet.eu\/en\/wp-json\/wp\/v2\/pages\/233"}],"collection":[{"href":"https:\/\/www.blickpunkt-identitaet.eu\/en\/wp-json\/wp\/v2\/pages"}],"about":[{"href":"https:\/\/www.blickpunkt-identitaet.eu\/en\/wp-json\/wp\/v2\/types\/page"}],"author":[{"embeddable":true,"href":"https:\/\/www.blickpunkt-identitaet.eu\/en\/wp-json\/wp\/v2\/users\/1"}],"replies":[{"embeddable":true,"href":"https:\/\/www.blickpunkt-identitaet.eu\/en\/wp-json\/wp\/v2\/comments?post=233"}],"version-history":[{"count":1,"href":"https:\/\/www.blickpunkt-identitaet.eu\/en\/wp-json\/wp\/v2\/pages\/233\/revisions"}],"predecessor-version":[{"id":234,"href":"https:\/\/www.blickpunkt-identitaet.eu\/en\/wp-json\/wp\/v2\/pages\/233\/revisions\/234"}],"wp:attachment":[{"href":"https:\/\/www.blickpunkt-identitaet.eu\/en\/wp-json\/wp\/v2\/media?parent=233"}],"curies":[{"name":"wp","href":"https:\/\/api.w.org\/{rel}","templated":true}]}}

<h1>Imprint</h1>



<figure class="wp-block-image rahmen-grau"><img decoding="async" loading="lazy" width="860" height="360" src="https://www.blickpunkt-identitaet.eu/wp/wp-content/uploads/blickpunkt_logo.png" alt="Blickpunkt Identität" class="wp-image-100"/></figure>



<h4>Information duties<br />§5 E-Commerce Gesetz, §14 Unternehmensgesetzbuch, §63 Gewerbeordnung, Offenlegungspflicht laut §25 Mediengesetz</h4>



<p><strong>Association Blickpunkt Identität</strong><br /><br /><strong>Representatives:</strong><br />Chairman/Chairwoman: Susanne Linde<br />Chairman/Chairwoman deputy: Klaus Linde-Leimer</p>



<p>Unterberg 15, 8383 Eisenberg an der Raab</p>



<p>ZVR number –  630276098</p>



<p>Phone 1  –  <a href="tel:+436811043 4503">+43 (681) 1043 4503</a><br />Phone 2  –  <a href="http://+4369912668848">+43 (699) 1266 8848</a></p>



<p>E-Mail  – &nbsp;<a href="mailto:&#x6f;&#x66;&#x66;&#x69;&#x63;&#x65;&#x40;&#x62;&#x6c;&#x69;&#x63;&#x6b;&#x70;&#x75;&#x6e;&#x6b;&#x74;&#x2d;&#x69;&#x64;&#x65;&#x6e;&#x74;&#x69;&#x74;&#x61;&#x65;&#x74;&#x2e;&#x65;&#x75;">&#x6f;&#x66;&#x66;&#x69;&#x63;&#x65;&#x40;<span class="oe_displaynone">null</span>&#x62;&#x6c;&#x69;&#x63;&#x6b;&#x70;&#x75;&#x6e;&#x6b;&#x74;&#x2d;&#x69;&#x64;&#x65;&#x6e;&#x74;&#x69;&#x74;&#x61;&#x65;&#x74;&#x2e;&#x65;&#x75;</a></p>



<hr class="wp-block-separator is-style-wide"/>



<h4>Vereinszweck</h4>



<p>Der Verein stellt sich die Förderung der Allgemeinheit auf geistigem und kulturellem Gebiet, sowie die Förderung und Entwicklung von Vorbeugemaßnahmen zur Unterstützung von Personen, die gefährdet sind, ihre schulische oder berufliche Aus- bzw. Weiterbildung abzubrechen, zur Aufgabe.</p>



<h4>EU-Streitschlichtung</h4>



<p>Angaben zur Online-Streitbeilegung: Verbraucher haben die Möglichkeit, Beschwerden an die Online Streitbeilegungsplattform der EU zu richten:&nbsp;</p>



<p><a rel="noreferrer noopener" href="https://ec.europa.eu/consumers/odr/main/index.cfm?event=main.home2.show&amp;lng=DE" target="_blank">https://ec.europa.eu/consumers/odr/main/index.cfm?event=main.home2.show&amp;lng=DE</a></p>



<p>Sie können allfällige Beschwerde auch an die oben angegebene E-Mail-Adresse richten.</p>



<h4>Haftung für Inhalte dieser Webseite</h4>



<p>Wir entwickeln die Inhalte dieser Webseite ständig weiter und bemühen uns korrekte und aktuelle Informationen bereitzustellen. Leider können wir keine Haftung für die Korrektheit aller Inhalte auf dieser Webseite übernehmen, speziell für jene die seitens Dritter bereitgestellt wird. Sollten Ihnen problematische oder rechtswidrige Inhalte auffallen, bitte wir Sie uns umgehend zu kontaktieren, Sie finden die Kontaktdaten im Impressum.</p>



<h4>Haftung für Links auf dieser Webseite</h4>



<p>Unsere Webseite enthält Links zu anderen Webseiten für deren Inhalt wir nicht verantwortlich sind. Wenn Ihnen rechtswidrige Links auf unserer Webseite auffallen, bitte wir Sie uns zu kontakieren, Sie finden die Kontaktdaten im Impressum.</p>



<h4>Urheberrechtshinweis</h4>



<p>Alle Inhalte dieser Webseite (Bilder, Fotos, Texte, Videos) unterliegen dem Urheberrecht. Falls notwendig, werden wir die unerlaubte Nutzung von Teilen der Inhalte unserer Seite rechtlich verfolgen. Sollten Sie auf dieser Webseite Inhalte finden, die das Urheberrecht verletzen, bitten wir Sie uns zu kontaktieren.</p>



<h4>Bildernachweis</h4>



<p>Die Bilder, Fotos und Grafiken auf dieser Webseite sind urheberrechtlich geschützt. Die Bilderrechte liegen bei den folgenden Fotografen und Unternehmen:</p>



<ul><li>Desire Rimacek</li><li>Klaus Linde-Leimer</li><li>Susanne Linde</li></ul>



<h4>Schlussbestimmungen</h4>



<p>Auf die Nutzung der Informationen / Services findet ausschließlich österreichisches Recht Anwendung.&nbsp;Sofern Teile oder einzelne Formulierungen dieses Textes der geltenden Rechtslage nicht, nicht mehr oder nicht vollständig entsprechen sollten, bleiben die übrigen Teile in ihrem Inhalt und ihrer Gültigkeit davon unberührt.</p><input class="fooboxshare_post_id" type="hidden" value="233"/>

<p>Imprint Information duties§5 E-Commerce Gesetz, §14 Unternehmensgesetzbuch, §63 Gewerbeordnung, Offenlegungspflicht laut §25 Mediengesetz Association Blickpunkt Identität Representatives:Chairman/Chairwoman: Susanne LindeChairman/Chairwoman deputy: Klaus Linde-Leimer Unterberg 15, 8383 Eisenberg an der Raab ZVR number – 630276098 Phone 1 – +43 (681) 1043 4503Phone 2 – +43 (699) 1266 8848 E-Mail – &nbsp;&#x6f;&#x66;&#x66;&#x69;&#x63;&#x65;&#x40;null&#x62;&#x6c;&#x69;&#x63;&#x6b;&#x70;&#x75;&#x6e;&#x6b;&#x74;&#x2d;&#x69;&#x64;&#x65;&#x6e;&#x74;&#x69;&#x74;&#x61;&#x65;&#x74;&#x2e;&#x65;&#x75; Vereinszweck Der Verein stellt sich die [&hellip;]</p>
